{"id":2066,"date":"2021-10-12T12:25:25","date_gmt":"2021-10-12T17:25:25","guid":{"rendered":"https:\/\/fgl.com.mx\/?page_id=2066"},"modified":"2024-05-03T13:44:13","modified_gmt":"2024-05-03T18:44:13","slug":"congreso","status":"publish","type":"page","link":"https:\/\/fgl.com.mx\/index.php\/congreso\/","title":{"rendered":"EVENTOS"},"content":{"rendered":"\t\t<div data-elementor-type=\"wp-page\" data-elementor-id=\"2066\" class=\"elementor elementor-2066\" data-elementor-settings=\"[]\">\n\t\t\t\t\t\t\t<div class=\"elementor-section-wrap\">\n\t\t\t\t\t\t\t<section class=\"elementor-section elementor-top-section elementor-element elementor-element-01260c0 elementor-section-boxed elementor-section-height-default elementor-section-height-default\" data-id=\"01260c0\" data-element_type=\"section\">\n\t\t\t\t\t\t<div class=\"elementor-container elementor-column-gap-default\">\n\t\t\t\t\t<div class=\"elementor-column elementor-col-100 elementor-top-column elementor-element elementor-element-6f334b0\" data-id=\"6f334b0\" data-element_type=\"column\">\n\t\t\t<div class=\"elementor-widget-wrap elementor-element-populated\">\n\t\t\t\t\t\t\t\t<div class=\"elementor-element elementor-element-15fdeaf elementor-widget elementor-widget-cv-list-blog-post-layout\" data-id=\"15fdeaf\" data-element_type=\"widget\" data-widget_type=\"cv-list-blog-post-layout.default\">\n\t\t\t\t<div class=\"elementor-widget-container\">\n\t\t\t<div id=\"cv-list-post-layout\" class=\"block-15fdeaf cv-block cv-block-list--layout-three cv-block-image-hover--none\">    <div class=\"cv-post-wrapper cv-post-no--imagemargin column--one\">\r\n                        <article post-id=\"post-3043\" class=\"cv-post post-format--standard wow fadeInUp\" data-wow-duration=1s data-wow-delay=0s itemscope itemtype=\"http:\/\/schema.org\/articleBody\">\r\n                    <div class=\"cv-post-left-wrap\">\r\n                        <div class=\"cv-post-thumb\">\r\n                            <a href=\"https:\/\/fgl.com.mx\/index.php\/2022\/11\/24\/congreso-2022\/\" target=\"_self\"><img decoding=\"async\" src=\"https:\/\/fgl.com.mx\/wp-content\/uploads\/2022\/11\/WTC-2022.jpg\" alt=\"CONGRESO 2022\"\/><\/a>\r\n                            <div class=\"cv-post-date\" itemprop=\"datePublished\"><a href=\"https:\/\/fgl.com.mx\/index.php\/2022\/11\/24\/congreso-2022\/\" target=\"_self\">24 Nov<\/a><\/div>                        <\/div>\r\n                    <\/div><!-- .cv-post-left-wrap -->\r\n                    <div class=\"cv-post-right-wrap\">\r\n                         \r\n                        <h2 class=\"cv-post-title\">\r\n                            <a href=\"https:\/\/fgl.com.mx\/index.php\/2022\/11\/24\/congreso-2022\/\" target=\"_self\">\r\n                                CONGRESO 2022                            <\/a>\r\n                        <\/h2>\r\n                        <div class=\"cv-post-content\" itemprop=\"description\">XLVIII CURSO ANUAL DE ANESTESIOLOG\u00cdA Y MEDICINA PERIOPERATORIA WTC 2022 Previo Siguiente<\/div><div class=\"cv-read-more\"><a href=\"https:\/\/fgl.com.mx\/index.php\/2022\/11\/24\/congreso-2022\/\" target=\"_self\">Leer M\u00e1s<i class=\"fas fa-arrow-right\"><\/i><\/a><\/div>\r\n                        <div class=\"cv-post-meta cv-meta-icon-hide\">\r\n                                                    <\/div>\r\n                    <\/div><!-- .cv-post-right-wrap -->\r\n                <\/article>\r\n                        <article post-id=\"post-2285\" class=\"cv-post post-format--standard wow fadeInUp\" data-wow-duration=1s data-wow-delay=0s itemscope itemtype=\"http:\/\/schema.org\/articleBody\">\r\n                    <div class=\"cv-post-left-wrap\">\r\n                        <div class=\"cv-post-thumb\">\r\n                            <a href=\"https:\/\/fgl.com.mx\/index.php\/2019\/07\/13\/congreso-2019\/\" target=\"_self\"><img decoding=\"async\" src=\"https:\/\/fgl.com.mx\/wp-content\/uploads\/2021\/10\/IMG_20190704_103428.jpg\" alt=\"CONGRESO 2019\"\/><\/a>\r\n                            <div class=\"cv-post-date\" itemprop=\"datePublished\"><a href=\"https:\/\/fgl.com.mx\/index.php\/2019\/07\/13\/congreso-2019\/\" target=\"_self\">13 Jul<\/a><\/div>                        <\/div>\r\n                    <\/div><!-- .cv-post-left-wrap -->\r\n                    <div class=\"cv-post-right-wrap\">\r\n                         \r\n                        <h2 class=\"cv-post-title\">\r\n                            <a href=\"https:\/\/fgl.com.mx\/index.php\/2019\/07\/13\/congreso-2019\/\" target=\"_self\">\r\n                                CONGRESO 2019                            <\/a>\r\n                        <\/h2>\r\n                        <div class=\"cv-post-content\" itemprop=\"description\">XLV CURSO ANUAL DE ANESTESIOLOG\u00cdA Y MEDICINA PERIOPERATORIA WTC 2019 Previo Siguiente<\/div><div class=\"cv-read-more\"><a href=\"https:\/\/fgl.com.mx\/index.php\/2019\/07\/13\/congreso-2019\/\" target=\"_self\">Leer M\u00e1s<i class=\"fas fa-arrow-right\"><\/i><\/a><\/div>\r\n                        <div class=\"cv-post-meta cv-meta-icon-hide\">\r\n                                                    <\/div>\r\n                    <\/div><!-- .cv-post-right-wrap -->\r\n                <\/article>\r\n                        <article post-id=\"post-2257\" class=\"cv-post post-format--standard wow fadeInUp\" data-wow-duration=1s data-wow-delay=0s itemscope itemtype=\"http:\/\/schema.org\/articleBody\">\r\n                    <div class=\"cv-post-left-wrap\">\r\n                        <div class=\"cv-post-thumb\">\r\n                            <a href=\"https:\/\/fgl.com.mx\/index.php\/2018\/07\/15\/congreso-2018\/\" target=\"_self\"><img decoding=\"async\" src=\"https:\/\/fgl.com.mx\/wp-content\/uploads\/2021\/10\/20180706_104105.jpg\" alt=\"CONGRESO 2018\"\/><\/a>\r\n                            <div class=\"cv-post-date\" itemprop=\"datePublished\"><a href=\"https:\/\/fgl.com.mx\/index.php\/2018\/07\/15\/congreso-2018\/\" target=\"_self\">15 Jul<\/a><\/div>                        <\/div>\r\n                    <\/div><!-- .cv-post-left-wrap -->\r\n                    <div class=\"cv-post-right-wrap\">\r\n                         \r\n                        <h2 class=\"cv-post-title\">\r\n                            <a href=\"https:\/\/fgl.com.mx\/index.php\/2018\/07\/15\/congreso-2018\/\" target=\"_self\">\r\n                                CONGRESO 2018                            <\/a>\r\n                        <\/h2>\r\n                        <div class=\"cv-post-content\" itemprop=\"description\">XLIV CURSO ANUAL DE ACTUALIZACI\u00d3N EN ANESTESIOLOG\u00cdA Y MEDICINA PERIOPERATORIA WTC 2018<\/div><div class=\"cv-read-more\"><a href=\"https:\/\/fgl.com.mx\/index.php\/2018\/07\/15\/congreso-2018\/\" target=\"_self\">Leer M\u00e1s<i class=\"fas fa-arrow-right\"><\/i><\/a><\/div>\r\n                        <div class=\"cv-post-meta cv-meta-icon-hide\">\r\n                                                    <\/div>\r\n                    <\/div><!-- .cv-post-right-wrap -->\r\n                <\/article>\r\n                        <article post-id=\"post-2226\" class=\"cv-post post-format--standard wow fadeInUp\" data-wow-duration=1s data-wow-delay=0s itemscope itemtype=\"http:\/\/schema.org\/articleBody\">\r\n                    <div class=\"cv-post-left-wrap\">\r\n                        <div class=\"cv-post-thumb\">\r\n                            <a href=\"https:\/\/fgl.com.mx\/index.php\/2017\/11\/15\/congreso-merida-2017\/\" target=\"_self\"><img decoding=\"async\" src=\"https:\/\/fgl.com.mx\/wp-content\/uploads\/2021\/10\/20171122_075721.jpg\" alt=\"CONGRESO MERIDA 2017\"\/><\/a>\r\n                            <div class=\"cv-post-date\" itemprop=\"datePublished\"><a href=\"https:\/\/fgl.com.mx\/index.php\/2017\/11\/15\/congreso-merida-2017\/\" target=\"_self\">15 Nov<\/a><\/div>                        <\/div>\r\n                    <\/div><!-- .cv-post-left-wrap -->\r\n                    <div class=\"cv-post-right-wrap\">\r\n                         \r\n                        <h2 class=\"cv-post-title\">\r\n                            <a href=\"https:\/\/fgl.com.mx\/index.php\/2017\/11\/15\/congreso-merida-2017\/\" target=\"_self\">\r\n                                CONGRESO MERIDA 2017                            <\/a>\r\n                        <\/h2>\r\n                        <div class=\"cv-post-content\" itemprop=\"description\">LI CONGRESO MEXICANO DE ANESTESIOLOGIA MERIDA 2017 Previo Siguiente<\/div><div class=\"cv-read-more\"><a href=\"https:\/\/fgl.com.mx\/index.php\/2017\/11\/15\/congreso-merida-2017\/\" target=\"_self\">Leer M\u00e1s<i class=\"fas fa-arrow-right\"><\/i><\/a><\/div>\r\n                        <div class=\"cv-post-meta cv-meta-icon-hide\">\r\n                                                    <\/div>\r\n                    <\/div><!-- .cv-post-right-wrap -->\r\n                <\/article>\r\n                        <article post-id=\"post-2205\" class=\"cv-post post-format--standard wow fadeInUp\" data-wow-duration=1s data-wow-delay=0s itemscope itemtype=\"http:\/\/schema.org\/articleBody\">\r\n                    <div class=\"cv-post-left-wrap\">\r\n                        <div class=\"cv-post-thumb\">\r\n                            <a href=\"https:\/\/fgl.com.mx\/index.php\/2017\/07\/12\/congreso-2017\/\" target=\"_self\"><img decoding=\"async\" src=\"https:\/\/fgl.com.mx\/wp-content\/uploads\/2021\/10\/20170705_130325_resized.jpg\" alt=\"CONGRESO 2017\"\/><\/a>\r\n                            <div class=\"cv-post-date\" itemprop=\"datePublished\"><a href=\"https:\/\/fgl.com.mx\/index.php\/2017\/07\/12\/congreso-2017\/\" target=\"_self\">12 Jul<\/a><\/div>                        <\/div>\r\n                    <\/div><!-- .cv-post-left-wrap -->\r\n                    <div class=\"cv-post-right-wrap\">\r\n                         \r\n                        <h2 class=\"cv-post-title\">\r\n                            <a href=\"https:\/\/fgl.com.mx\/index.php\/2017\/07\/12\/congreso-2017\/\" target=\"_self\">\r\n                                CONGRESO 2017                            <\/a>\r\n                        <\/h2>\r\n                        <div class=\"cv-post-content\" itemprop=\"description\">CURSO ANUAL DE ACTUALIZACI\u00d3N EN ANESTESIOLOG\u00cdA Y MEDICINA PERIOPERATORIA WTC 2017<\/div><div class=\"cv-read-more\"><a href=\"https:\/\/fgl.com.mx\/index.php\/2017\/07\/12\/congreso-2017\/\" target=\"_self\">Leer M\u00e1s<i class=\"fas fa-arrow-right\"><\/i><\/a><\/div>\r\n                        <div class=\"cv-post-meta cv-meta-icon-hide\">\r\n                                                    <\/div>\r\n                    <\/div><!-- .cv-post-right-wrap -->\r\n                <\/article>\r\n                        <article post-id=\"post-2154\" class=\"cv-post post-format--standard wow fadeInUp\" data-wow-duration=1s data-wow-delay=0s itemscope itemtype=\"http:\/\/schema.org\/articleBody\">\r\n                    <div class=\"cv-post-left-wrap\">\r\n                        <div class=\"cv-post-thumb\">\r\n                            <a href=\"https:\/\/fgl.com.mx\/index.php\/2016\/07\/12\/congreso-2016\/\" target=\"_self\"><img decoding=\"async\" src=\"https:\/\/fgl.com.mx\/wp-content\/uploads\/2021\/10\/1.jpg\" alt=\"CONGRESO 2016\"\/><\/a>\r\n                            <div class=\"cv-post-date\" itemprop=\"datePublished\"><a href=\"https:\/\/fgl.com.mx\/index.php\/2016\/07\/12\/congreso-2016\/\" target=\"_self\">12 Jul<\/a><\/div>                        <\/div>\r\n                    <\/div><!-- .cv-post-left-wrap -->\r\n                    <div class=\"cv-post-right-wrap\">\r\n                         \r\n                        <h2 class=\"cv-post-title\">\r\n                            <a href=\"https:\/\/fgl.com.mx\/index.php\/2016\/07\/12\/congreso-2016\/\" target=\"_self\">\r\n                                CONGRESO 2016                            <\/a>\r\n                        <\/h2>\r\n                        <div class=\"cv-post-content\" itemprop=\"description\">CONGRESO HOSPITAL \u00c1NGELES HOTEL CAMINO REAL OCTUBRE 2016<\/div><div class=\"cv-read-more\"><a href=\"https:\/\/fgl.com.mx\/index.php\/2016\/07\/12\/congreso-2016\/\" target=\"_self\">Leer M\u00e1s<i class=\"fas fa-arrow-right\"><\/i><\/a><\/div>\r\n                        <div class=\"cv-post-meta cv-meta-icon-hide\">\r\n                                                    <\/div>\r\n                    <\/div><!-- .cv-post-right-wrap -->\r\n                <\/article>\r\n            <\/div><\/div>\t\t<\/div>\n\t\t\t\t<\/div>\n\t\t\t\t\t<\/div>\n\t\t<\/div>\n\t\t\t\t\t\t\t<\/div>\n\t\t<\/section>\n\t\t\t\t\t\t<\/div>\n\t\t\t\t\t<\/div>\n\t\t","protected":false},"excerpt":{"rendered":"<p>28 Feb CONGRESO 2023 Leer M\u00e1s 24 Nov CONGRESO 2022 XLVIII CURSO ANUAL DE ANESTESIOLOG\u00cdA Y MEDICINA PERIOPERATORIA WTC 2022 Previo SiguienteLeer M\u00e1s 13 Jul CONGRESO 2019 XLV CURSO ANUAL DE ANESTESIOLOG\u00cdA Y MEDICINA PERIOPERATORIA WTC 2019 Previo SiguienteLeer M\u00e1s 15 Jul CONGRESO 2018 XLIV CURSO ANUAL DE ACTUALIZACI\u00d3N EN ANESTESIOLOG\u00cdA Y MEDICINA PERIOPERATORIA WTC<\/p>\n<div class=\"more-link\">\n\t\t\t\t <a href=\"https:\/\/fgl.com.mx\/index.php\/2016\/07\/12\/congreso-2016\/\" class=\"btn theme-btn\"><span>Continuar Leyendo <\/span><i class=\"icofont-thin-double-right\"><\/i><\/a>\n\t\t\t<\/div>\n","protected":false},"author":1,"featured_media":0,"parent":0,"menu_order":0,"comment_status":"closed","ping_status":"closed","template":"","meta":{"footnotes":""},"blog_post_layout_featured_media_urls":{"thumbnail":"","full":""},"categories_names":null,"comments_number":"0","_links":{"self":[{"href":"https:\/\/fgl.com.mx\/index.php\/wp-json\/wp\/v2\/pages\/2066"}],"collection":[{"href":"https:\/\/fgl.com.mx\/index.php\/wp-json\/wp\/v2\/pages"}],"about":[{"href":"https:\/\/fgl.com.mx\/index.php\/wp-json\/wp\/v2\/types\/page"}],"author":[{"embeddable":true,"href":"https:\/\/fgl.com.mx\/index.php\/wp-json\/wp\/v2\/users\/1"}],"replies":[{"embeddable":true,"href":"https:\/\/fgl.com.mx\/index.php\/wp-json\/wp\/v2\/comments?post=2066"}],"version-history":[{"count":71,"href":"https:\/\/fgl.com.mx\/index.php\/wp-json\/wp\/v2\/pages\/2066\/revisions"}],"predecessor-version":[{"id":3608,"href":"https:\/\/fgl.com.mx\/index.php\/wp-json\/wp\/v2\/pages\/2066\/revisions\/3608"}],"wp:attachment":[{"href":"https:\/\/fgl.com.mx\/index.php\/wp-json\/wp\/v2\/media?parent=2066"}],"curies":[{"name":"wp","href":"https:\/\/api.w.org\/{rel}","templated":true}]}}