{"id":393,"date":"2021-09-07T15:44:36","date_gmt":"2021-09-07T20:44:36","guid":{"rendered":"https:\/\/fgl.com.mx\/?page_id=393"},"modified":"2021-10-18T12:02:35","modified_gmt":"2021-10-18T17:02:35","slug":"historia","status":"publish","type":"page","link":"https:\/\/fgl.com.mx\/index.php\/historia\/","title":{"rendered":"Historia"},"content":{"rendered":"\t\t<div data-elementor-type=\"wp-page\" data-elementor-id=\"393\" class=\"elementor elementor-393\" data-elementor-settings=\"[]\">\n\t\t\t\t\t\t\t<div class=\"elementor-section-wrap\">\n\t\t\t\t\t\t\t<section class=\"elementor-section elementor-top-section elementor-element elementor-element-678b10b elementor-section-boxed elementor-section-height-default elementor-section-height-default\" data-id=\"678b10b\" data-element_type=\"section\">\n\t\t\t\t\t\t<div class=\"elementor-container elementor-column-gap-default\">\n\t\t\t\t\t<div class=\"elementor-column elementor-col-100 elementor-top-column elementor-element elementor-element-c97d0ce\" data-id=\"c97d0ce\" data-element_type=\"column\">\n\t\t\t<div class=\"elementor-widget-wrap elementor-element-populated\">\n\t\t\t\t\t\t\t\t<div class=\"elementor-element elementor-element-9b19a86 elementor-widget elementor-widget-text-editor\" data-id=\"9b19a86\" data-element_type=\"widget\" data-widget_type=\"text-editor.default\">\n\t\t\t\t<div class=\"elementor-widget-container\">\n\t\t\t\t\t\t\t<ul><li><p style=\"text-align: left;\">FGL tiene sus or\u00edgenes en los a\u00f1os 60\u00b4s, cuando el Dr. Francisco Garc\u00eda L\u00f3pez realiz\u00f3 una investigaci\u00f3n acerca de Circuitos Semi Cerrados para Anestesia.<\/p><\/li><li><p style=\"text-align: left;\"><span style=\"color: var( --e-global-color-text ); font-family: var( --e-global-typography-text-font-family ), Sans-serif; font-weight: var( --e-global-typography-text-font-weight ); font-size: 1rem;\">Como resultado de la investigaci\u00f3n que durante varios a\u00f1os llevo a cabo el Dr. Garc\u00eda L\u00f3pez, en 1971 la Sociedad Mexicana de Anestesiolog\u00eda (actualmente Colegio Mexicano de Anestesiolog\u00eda), le otorg\u00f3 el Premio Nacional Dr. Martin Maquivar.<\/span><\/p><\/li><li style=\"text-align: left;\"><p>En 1975, junto con su esposa, la Enfermera Pediatra Mar\u00eda de la Luz Lara Nu\u00f1ez, fundan A y V Circuito Semi-Cerrado para Anestesia; empresa dedicada a la distribuci\u00f3n de circuitos para anestesia de gran calidad y aceptaci\u00f3n en el mercado nacional.<\/p><\/li><li style=\"text-align: left;\"><p>El gran dinamismo y determinaci\u00f3n del Doctor Garc\u00eda L\u00f3pez y el incondicional apoyo de su esposa, los llevan a explorar nuevas oportunidades de negocio, es as\u00ed como, desde finales de los a\u00f1os 70\u00b4s dirigen sus esfuerzos no solo a la venta de circuitos para anestesia, sino tambi\u00e9n a la distribuci\u00f3n de dispositivos m\u00e9dicos.<\/p><\/li><li style=\"text-align: left;\"><p>Durante la d\u00e9cada de los 80\u00b4s, A y V tiene un s\u00f3lido crecimiento, y con el ingreso de M\u00e9xico al TLC, las empresas productoras norteamericanas y europeas prestan mayor atenci\u00f3n al mercado mexicano, y les sorprende el gran conocimiento de los productos y del mercado que tiene el equipo de FGL, en especial sus fundadores.<\/p><\/li><li style=\"text-align: left;\"><p>A finales de los a\u00f1os 80\u00b4s y principios de los a\u00f1os 90\u00b4s, adem\u00e1s de Willy Rusch, Ohio Medical, y Welch Allyn, entre otras marcas, se inician importaciones directas con SMITHS MEDICAL y KING SYSTEMS.<\/p><\/li><li style=\"text-align: left;\"><p>Es en 1996 cuando A y V se transforma en FGL S.A. de C.V.<\/p><\/li><\/ul><p style=\"text-align: left;\">En el 2004 fallece el Dr. Garc\u00eda L\u00f3pez, para ese momento la empresa que \u00e9l fund\u00f3 28 a\u00f1os antes cuenta con 38 empleados distribuye m\u00e1s de 25 marcas diferentes a nivel nacional y su esposa Luz Lara\u00a0Nu\u00f1ez\u00a0queda al frente de la compa\u00f1\u00eda<\/p>\t\t\t\t\t\t<\/div>\n\t\t\t\t<\/div>\n\t\t\t\t\t<\/div>\n\t\t<\/div>\n\t\t\t\t\t\t\t<\/div>\n\t\t<\/section>\n\t\t\t\t\t\t<\/div>\n\t\t\t\t\t<\/div>\n\t\t","protected":false},"excerpt":{"rendered":"<p>FGL tiene sus or\u00edgenes en los a\u00f1os 60\u00b4s, cuando el Dr. Francisco Garc\u00eda L\u00f3pez realiz\u00f3 una investigaci\u00f3n acerca de Circuitos Semi Cerrados para Anestesia. Como resultado de la investigaci\u00f3n que durante varios a\u00f1os llevo a cabo el Dr. Garc\u00eda L\u00f3pez, en 1971 la Sociedad Mexicana de Anestesiolog\u00eda (actualmente Colegio Mexicano de Anestesiolog\u00eda), le otorg\u00f3 el<\/p>\n<div class=\"more-link\">\n\t\t\t\t <a href=\"https:\/\/fgl.com.mx\/index.php\/historia\/\" class=\"btn theme-btn\"><span>Continuar Leyendo <\/span><i class=\"icofont-thin-double-right\"><\/i><\/a>\n\t\t\t<\/div>\n","protected":false},"author":1,"featured_media":0,"parent":0,"menu_order":0,"comment_status":"closed","ping_status":"closed","template":"","meta":{"footnotes":""},"blog_post_layout_featured_media_urls":{"thumbnail":"","full":""},"categories_names":null,"comments_number":"0","_links":{"self":[{"href":"https:\/\/fgl.com.mx\/index.php\/wp-json\/wp\/v2\/pages\/393"}],"collection":[{"href":"https:\/\/fgl.com.mx\/index.php\/wp-json\/wp\/v2\/pages"}],"about":[{"href":"https:\/\/fgl.com.mx\/index.php\/wp-json\/wp\/v2\/types\/page"}],"author":[{"embeddable":true,"href":"https:\/\/fgl.com.mx\/index.php\/wp-json\/wp\/v2\/users\/1"}],"replies":[{"embeddable":true,"href":"https:\/\/fgl.com.mx\/index.php\/wp-json\/wp\/v2\/comments?post=393"}],"version-history":[{"count":23,"href":"https:\/\/fgl.com.mx\/index.php\/wp-json\/wp\/v2\/pages\/393\/revisions"}],"predecessor-version":[{"id":2384,"href":"https:\/\/fgl.com.mx\/index.php\/wp-json\/wp\/v2\/pages\/393\/revisions\/2384"}],"wp:attachment":[{"href":"https:\/\/fgl.com.mx\/index.php\/wp-json\/wp\/v2\/media?parent=393"}],"curies":[{"name":"wp","href":"https:\/\/api.w.org\/{rel}","templated":true}]}}