{"id":1063,"date":"2021-09-29T10:42:53","date_gmt":"2021-09-29T15:42:53","guid":{"rendered":"https:\/\/fgl.com.mx\/?post_type=product&#038;p=1063"},"modified":"2022-03-30T08:48:25","modified_gmt":"2022-03-30T14:48:25","slug":"jeringa-para-gasometria","status":"publish","type":"product","link":"https:\/\/fgl.com.mx\/index.php\/product\/jeringa-para-gasometria\/","title":{"rendered":"Jeringa para gasometr\u00eda"},"content":{"rendered":"<p>Jeringa de tipo Luer-lock Pulsator\u00ae de 3 ml con dispositivo Filter-Pro\u00ae y aguja preconectada de 23 G x 1&#8243; con dispositivo Needle-Pro\u00ae, etiqueta del paciente, ap\u00f3sito adhesivo y envase Tyvek\u00ae.<\/p>\n<p>Contiene 3 ml de heparina de litio a una concentraci\u00f3n de 23,5 UI por ml. La f\u00f3rmula especial de heparina de litio seca logra la anticoagulaci\u00f3n necesaria, as\u00ed como una interferencia m\u00ednima en los valores de electrolitos, con el fin de obtener resultados exactos y homog\u00e9neos.<\/p>\n<div class=\"product-feature\">VENTAJAS DEL PRODUCTO:<\/div>\n<div class=\"feature-detail\">\n<ul class=\"ord-list\">\n<li>El efecto puls\u00e1til permite colocarla de forma precisa en el lumen arterial.<\/li>\n<li>La jeringa se puede aspirar f\u00e1cilmente durante una situaci\u00f3n de presi\u00f3n sangu\u00ednea baja o de emergencia.<\/li>\n<li>Se incluye el dispositivo de eliminaci\u00f3n de burbujas de aire Filter-Pro\u00ae.<\/li>\n<\/ul>\n<\/div>\n","protected":false},"excerpt":{"rendered":"<p>Kits de muestreo de sangre arterial Pulsator\u00ae Plus: heparina de litio seca.<\/p>\n","protected":false},"featured_media":1064,"template":"","meta":[],"product_cat":[17],"product_tag":[],"blog_post_layout_featured_media_urls":{"thumbnail":["https:\/\/fgl.com.mx\/wp-content\/uploads\/2021\/09\/P-G1751-150x150.jpg",150,150,true],"full":["https:\/\/fgl.com.mx\/wp-content\/uploads\/2021\/09\/P-G1751.jpg",800,800,false]},"categories":["2"],"categories_names":{"2":{"name":"simple","link":"https:\/\/fgl.com.mx\/?taxonomy=product_type&term=simple"}},"comments_number":"0","_links":{"self":[{"href":"https:\/\/fgl.com.mx\/index.php\/wp-json\/wp\/v2\/product\/1063"}],"collection":[{"href":"https:\/\/fgl.com.mx\/index.php\/wp-json\/wp\/v2\/product"}],"about":[{"href":"https:\/\/fgl.com.mx\/index.php\/wp-json\/wp\/v2\/types\/product"}],"version-history":[{"count":3,"href":"https:\/\/fgl.com.mx\/index.php\/wp-json\/wp\/v2\/product\/1063\/revisions"}],"predecessor-version":[{"id":2694,"href":"https:\/\/fgl.com.mx\/index.php\/wp-json\/wp\/v2\/product\/1063\/revisions\/2694"}],"wp:featuredmedia":[{"embeddable":true,"href":"https:\/\/fgl.com.mx\/index.php\/wp-json\/wp\/v2\/media\/1064"}],"wp:attachment":[{"href":"https:\/\/fgl.com.mx\/index.php\/wp-json\/wp\/v2\/media?parent=1063"}],"wp:term":[{"taxonomy":"product_cat","embeddable":true,"href":"https:\/\/fgl.com.mx\/index.php\/wp-json\/wp\/v2\/product_cat?post=1063"},{"taxonomy":"product_tag","embeddable":true,"href":"https:\/\/fgl.com.mx\/index.php\/wp-json\/wp\/v2\/product_tag?post=1063"}],"curies":[{"name":"wp","href":"https:\/\/api.w.org\/{rel}","templated":true}]}}