{"id":1076,"date":"2021-09-29T11:29:50","date_gmt":"2021-09-29T16:29:50","guid":{"rendered":"https:\/\/fgl.com.mx\/?post_type=product&#038;p=1076"},"modified":"2022-03-29T14:54:25","modified_gmt":"2022-03-29T20:54:25","slug":"conector-para-broncoscopio-2","status":"publish","type":"product","link":"https:\/\/fgl.com.mx\/index.php\/product\/conector-para-broncoscopio-2\/","title":{"rendered":"Conector para broncoscopio"},"content":{"rendered":"<p>El adaptador giratorio con doble eje para broncoscopio con fibra \u00f3ptica permite el acceso del broncoscopio a las v\u00edas respiratorias mientras se mantiene la ventilaci\u00f3n, la oxigenaci\u00f3n y la PEEP.<\/p>\n<p>Est\u00e9ril (extremo de 15 mm).<\/p>\n","protected":false},"excerpt":{"rendered":"<p>Adaptador giratorio con doble eje para broncoscopio con fibra \u00f3ptica.<\/p>\n","protected":false},"featured_media":2591,"template":"","meta":[],"product_cat":[47],"product_tag":[],"blog_post_layout_featured_media_urls":{"thumbnail":["https:\/\/fgl.com.mx\/wp-content\/uploads\/2021\/09\/P-625191-150x150.jpg",150,150,true],"full":["https:\/\/fgl.com.mx\/wp-content\/uploads\/2021\/09\/P-625191.jpg",800,800,false]},"categories":["2"],"categories_names":{"2":{"name":"simple","link":"https:\/\/fgl.com.mx\/?taxonomy=product_type&term=simple"}},"comments_number":"0","_links":{"self":[{"href":"https:\/\/fgl.com.mx\/index.php\/wp-json\/wp\/v2\/product\/1076"}],"collection":[{"href":"https:\/\/fgl.com.mx\/index.php\/wp-json\/wp\/v2\/product"}],"about":[{"href":"https:\/\/fgl.com.mx\/index.php\/wp-json\/wp\/v2\/types\/product"}],"version-history":[{"count":3,"href":"https:\/\/fgl.com.mx\/index.php\/wp-json\/wp\/v2\/product\/1076\/revisions"}],"predecessor-version":[{"id":2681,"href":"https:\/\/fgl.com.mx\/index.php\/wp-json\/wp\/v2\/product\/1076\/revisions\/2681"}],"wp:featuredmedia":[{"embeddable":true,"href":"https:\/\/fgl.com.mx\/index.php\/wp-json\/wp\/v2\/media\/2591"}],"wp:attachment":[{"href":"https:\/\/fgl.com.mx\/index.php\/wp-json\/wp\/v2\/media?parent=1076"}],"wp:term":[{"taxonomy":"product_cat","embeddable":true,"href":"https:\/\/fgl.com.mx\/index.php\/wp-json\/wp\/v2\/product_cat?post=1076"},{"taxonomy":"product_tag","embeddable":true,"href":"https:\/\/fgl.com.mx\/index.php\/wp-json\/wp\/v2\/product_tag?post=1076"}],"curies":[{"name":"wp","href":"https:\/\/api.w.org\/{rel}","templated":true}]}}