{"id":1079,"date":"2021-09-29T11:36:50","date_gmt":"2021-09-29T16:36:50","guid":{"rendered":"https:\/\/fgl.com.mx\/?post_type=product&#038;p=1079"},"modified":"2022-04-13T14:44:46","modified_gmt":"2022-04-13T19:44:46","slug":"cinta-de-fijacion-para-traqueostomia","status":"publish","type":"product","link":"https:\/\/fgl.com.mx\/index.php\/product\/cinta-de-fijacion-para-traqueostomia\/","title":{"rendered":"Cinta de fijaci\u00f3n para traqueostom\u00eda"},"content":{"rendered":"<p>La correa para el cuello est\u00e1 hecha de una espuma fuerte, suave, ligera, cubierta de tela para mayor comodidad del paciente.<\/p>\n","protected":false},"excerpt":{"rendered":"<p id=\"title\" class=\"a-size-large a-spacing-none\"><span id=\"productTitle\" class=\"a-size-large product-title-word-break\">Soporte para tubos de traqueotom\u00eda.<\/span><\/p>\n","protected":false},"featured_media":2834,"template":"","meta":[],"product_cat":[59],"product_tag":[],"blog_post_layout_featured_media_urls":{"thumbnail":["https:\/\/fgl.com.mx\/wp-content\/uploads\/2021\/09\/P-520000-150x150.jpg",150,150,true],"full":["https:\/\/fgl.com.mx\/wp-content\/uploads\/2021\/09\/P-520000.jpg",800,800,false]},"categories":["2"],"categories_names":{"2":{"name":"simple","link":"https:\/\/fgl.com.mx\/?taxonomy=product_type&term=simple"}},"comments_number":"0","_links":{"self":[{"href":"https:\/\/fgl.com.mx\/index.php\/wp-json\/wp\/v2\/product\/1079"}],"collection":[{"href":"https:\/\/fgl.com.mx\/index.php\/wp-json\/wp\/v2\/product"}],"about":[{"href":"https:\/\/fgl.com.mx\/index.php\/wp-json\/wp\/v2\/types\/product"}],"version-history":[{"count":3,"href":"https:\/\/fgl.com.mx\/index.php\/wp-json\/wp\/v2\/product\/1079\/revisions"}],"predecessor-version":[{"id":2674,"href":"https:\/\/fgl.com.mx\/index.php\/wp-json\/wp\/v2\/product\/1079\/revisions\/2674"}],"wp:featuredmedia":[{"embeddable":true,"href":"https:\/\/fgl.com.mx\/index.php\/wp-json\/wp\/v2\/media\/2834"}],"wp:attachment":[{"href":"https:\/\/fgl.com.mx\/index.php\/wp-json\/wp\/v2\/media?parent=1079"}],"wp:term":[{"taxonomy":"product_cat","embeddable":true,"href":"https:\/\/fgl.com.mx\/index.php\/wp-json\/wp\/v2\/product_cat?post=1079"},{"taxonomy":"product_tag","embeddable":true,"href":"https:\/\/fgl.com.mx\/index.php\/wp-json\/wp\/v2\/product_tag?post=1079"}],"curies":[{"name":"wp","href":"https:\/\/api.w.org\/{rel}","templated":true}]}}