{"id":1093,"date":"2021-09-29T12:03:44","date_gmt":"2021-09-29T17:03:44","guid":{"rendered":"https:\/\/fgl.com.mx\/?post_type=product&#038;p=1093"},"modified":"2022-03-28T11:11:53","modified_gmt":"2022-03-28T17:11:53","slug":"ejercitador-pulmonar","status":"publish","type":"product","link":"https:\/\/fgl.com.mx\/index.php\/product\/ejercitador-pulmonar\/","title":{"rendered":"Ejercitador pulmonar EzPAP\u00ae"},"content":{"rendered":"<p>El sistema de presi\u00f3n positiva en las v\u00edas respiratorias EZPAP\u00ae se usa para expandir los pulmones aumentado la capacidad residual funcional (FRC). Se ha observado que el aumento de la FRC contribuye a prevenir y revertir la atelectasia.<\/p>\n<p>EzPAP\u00ae es la opci\u00f3n m\u00e1s sencilla para prevenir y tratar la atelectasia y la necesidad m\u00e9dica de tratamiento de expansi\u00f3n pulmonar.<\/p>\n<p>Cuando la espirometr\u00eda incentivada resulta insuficiente para abrir las v\u00edas respiratorias del paciente, expanda sus opciones con EzPAP\u00ae. Simplifica la tarea de suministrar presi\u00f3n positiva en las v\u00edas respiratorias. Solo tiene que conectar un caudal\u00edmetro (fuente de aire con toma de pared u O2 para FiO2 mejorado), ajustar 5-15 lpm e indicar al paciente que respire con normalidad por la boquilla o la mascarilla. Solo unos minutos de terapia, lo necesario, no durante horas.<\/p>\n<p>EzPAP\u00ae incorpora un puerto de presi\u00f3n para la conexi\u00f3n a un calibre (recomendado para el uso inicial con cada paciente) y un acoplamiento con un DI de 22 mm est\u00e1ndar para alojar una boquilla o 3 mascarillas diferentes.<\/p>\n<p>En el sistema de presi\u00f3n positiva en las v\u00edas respiratorias EzPAP\u00ae se incluye el dispositivo de expansi\u00f3n pulmonar EzPAP\u00ae, boquilla, capuch\u00f3n para el puerto de presi\u00f3n y tubos con 7 pies de longitud.<\/p>\n<ul>\n<li>Uso con el accesorio para boquilla o mascarilla.<\/li>\n<li>DE de 22 mm en el extremo del paciente.<\/li>\n<li>Entrada de aire ambiente ondulada.<\/li>\n<li>Puerto de presi\u00f3n con capuch\u00f3n.<\/li>\n<li>Kit completo para el procedimiento.<\/li>\n<li>Man\u00f3metro desechable.<\/li>\n<li>De uso en un solo paciente.<\/li>\n<\/ul>\n<p>VENTAJAS DEL PRODUCTO<\/p>\n<div class=\"feature-detail\">\n<div>\n<p>El paciente se beneficia de este producto gracias a que:<\/p>\n<ul>\n<li>se puede usar con la boquilla o la mascarilla conectadas,<\/li>\n<li>se puede usar con un nebulizador en l\u00ednea cuando se fija con un adaptador de salida y evita la oclusi\u00f3n involuntaria,<\/li>\n<li>se conecta a los tubos del medidor,<\/li>\n<li>ya no es necesario acumular componentes,<\/li>\n<li>elimina la necesidad de transportar un man\u00f3metro.<\/li>\n<\/ul>\n<\/div>\n<\/div>\n","protected":false},"excerpt":{"rendered":"<p>Sistema de presi\u00f3n positiva en las v\u00edas respiratorias EzPAP\u00ae con man\u00f3metro desechable.<\/p>\n","protected":false},"featured_media":1094,"template":"","meta":[],"product_cat":[112],"product_tag":[],"blog_post_layout_featured_media_urls":{"thumbnail":["https:\/\/fgl.com.mx\/wp-content\/uploads\/2021\/09\/P-23-0757-150x150.jpg",150,150,true],"full":["https:\/\/fgl.com.mx\/wp-content\/uploads\/2021\/09\/P-23-0757.jpg",800,800,false]},"categories":["2"],"categories_names":{"2":{"name":"simple","link":"https:\/\/fgl.com.mx\/?taxonomy=product_type&term=simple"}},"comments_number":"0","_links":{"self":[{"href":"https:\/\/fgl.com.mx\/index.php\/wp-json\/wp\/v2\/product\/1093"}],"collection":[{"href":"https:\/\/fgl.com.mx\/index.php\/wp-json\/wp\/v2\/product"}],"about":[{"href":"https:\/\/fgl.com.mx\/index.php\/wp-json\/wp\/v2\/types\/product"}],"version-history":[{"count":3,"href":"https:\/\/fgl.com.mx\/index.php\/wp-json\/wp\/v2\/product\/1093\/revisions"}],"predecessor-version":[{"id":2648,"href":"https:\/\/fgl.com.mx\/index.php\/wp-json\/wp\/v2\/product\/1093\/revisions\/2648"}],"wp:featuredmedia":[{"embeddable":true,"href":"https:\/\/fgl.com.mx\/index.php\/wp-json\/wp\/v2\/media\/1094"}],"wp:attachment":[{"href":"https:\/\/fgl.com.mx\/index.php\/wp-json\/wp\/v2\/media?parent=1093"}],"wp:term":[{"taxonomy":"product_cat","embeddable":true,"href":"https:\/\/fgl.com.mx\/index.php\/wp-json\/wp\/v2\/product_cat?post=1093"},{"taxonomy":"product_tag","embeddable":true,"href":"https:\/\/fgl.com.mx\/index.php\/wp-json\/wp\/v2\/product_tag?post=1093"}],"curies":[{"name":"wp","href":"https:\/\/api.w.org\/{rel}","templated":true}]}}