{"id":1168,"date":"2021-09-29T14:51:35","date_gmt":"2021-09-29T19:51:35","guid":{"rendered":"https:\/\/fgl.com.mx\/?post_type=product&#038;p=1168"},"modified":"2022-03-23T16:57:57","modified_gmt":"2022-03-23T22:57:57","slug":"canula-para-traqueostomia-sin-globo-fenestrada-adulto","status":"publish","type":"product","link":"https:\/\/fgl.com.mx\/index.php\/product\/canula-para-traqueostomia-sin-globo-fenestrada-adulto\/","title":{"rendered":"Kit de c\u00e1nula de traqueotom\u00eda sin globo fenestrada Blue Line Ultra\u00ae"},"content":{"rendered":"<p>Suministrado como kit en el que se incluye el c\u00e1nula de traqueotom\u00eda Blue Line Ultra\u00ae, dos c\u00e1nulas internas, un cepillo para la limpieza y un soporte para c\u00e1nulas de traqueotom\u00eda.<\/p>\n<div class=\"product-feature\">VENTAJAS DEL PRODUCTO<\/div>\n<div class=\"feature-detail\">\n<ul class=\"ord-list\">\n<li>PVC termosensible: aporta la rigidez inicial suficiente para la inserci\u00f3n y, despu\u00e9s, se ablanda a la temperatura corporal para adaptarse a la anatom\u00eda de cada paciente.<\/li>\n<li>El c\u00e1nula es radiopaco para poder confirmar la posici\u00f3n del c\u00e1nula.<\/li>\n<li>El ribete es suave y claro.<\/li>\n<li>El obturador cuenta con una pinza especial para minimizar el movimiento de la punta del c\u00e1nula durante la inserci\u00f3n.<\/li>\n<li>Disponible en una amplia gama de tama\u00f1os para adaptarse a las necesidades de los pacientes en incrementos de 0,5 mm.<\/li>\n<\/ul>\n<\/div>\n","protected":false},"excerpt":{"rendered":"<p>Kit de c\u00e1nula para traqueostom\u00eda sin globo fenestrada para adulto.<\/p>\n","protected":false},"featured_media":2412,"template":"","meta":[],"product_cat":[97],"product_tag":[],"blog_post_layout_featured_media_urls":{"thumbnail":["https:\/\/fgl.com.mx\/wp-content\/uploads\/2021\/09\/P-100-813-150x150.jpg",150,150,true],"full":["https:\/\/fgl.com.mx\/wp-content\/uploads\/2021\/09\/P-100-813.jpg",800,800,false]},"categories":["4"],"categories_names":{"4":{"name":"variable","link":"https:\/\/fgl.com.mx\/?taxonomy=product_type&term=variable"}},"comments_number":"0","_links":{"self":[{"href":"https:\/\/fgl.com.mx\/index.php\/wp-json\/wp\/v2\/product\/1168"}],"collection":[{"href":"https:\/\/fgl.com.mx\/index.php\/wp-json\/wp\/v2\/product"}],"about":[{"href":"https:\/\/fgl.com.mx\/index.php\/wp-json\/wp\/v2\/types\/product"}],"version-history":[{"count":4,"href":"https:\/\/fgl.com.mx\/index.php\/wp-json\/wp\/v2\/product\/1168\/revisions"}],"predecessor-version":[{"id":2617,"href":"https:\/\/fgl.com.mx\/index.php\/wp-json\/wp\/v2\/product\/1168\/revisions\/2617"}],"wp:featuredmedia":[{"embeddable":true,"href":"https:\/\/fgl.com.mx\/index.php\/wp-json\/wp\/v2\/media\/2412"}],"wp:attachment":[{"href":"https:\/\/fgl.com.mx\/index.php\/wp-json\/wp\/v2\/media?parent=1168"}],"wp:term":[{"taxonomy":"product_cat","embeddable":true,"href":"https:\/\/fgl.com.mx\/index.php\/wp-json\/wp\/v2\/product_cat?post=1168"},{"taxonomy":"product_tag","embeddable":true,"href":"https:\/\/fgl.com.mx\/index.php\/wp-json\/wp\/v2\/product_tag?post=1168"}],"curies":[{"name":"wp","href":"https:\/\/api.w.org\/{rel}","templated":true}]}}