{"id":1186,"date":"2021-09-29T15:28:10","date_gmt":"2021-09-29T20:28:10","guid":{"rendered":"https:\/\/fgl.com.mx\/?post_type=product&#038;p=1186"},"modified":"2022-03-23T16:25:48","modified_gmt":"2022-03-23T22:25:48","slug":"kit-traqueostomia-percutanea","status":"publish","type":"product","link":"https:\/\/fgl.com.mx\/index.php\/product\/kit-traqueostomia-percutanea\/","title":{"rendered":"Kit de traqueostom\u00eda percut\u00e1nea ULTRAperc\u00ae"},"content":{"rendered":"<p>Los kits de traqueotom\u00eda percut\u00e1nea con dilatador de una fase ULTRAperc\u00ae emplean la t\u00e9cnica de gu\u00eda Seldinger ampliamente aceptada.<\/p>\n<p><strong>Contenido:<\/strong><\/p>\n<ul>\n<li>Bistur\u00ed.<\/li>\n<li>Jeringa de 10 ml.<\/li>\n<li>Aguja de 14 G y c\u00e1nula de pl\u00e1stico.<\/li>\n<li>Gu\u00eda e introductor.<\/li>\n<li>Dilatador corto de 14 FR.<\/li>\n<li>Cat\u00e9ter gu\u00eda.<\/li>\n<li>Dilatador de un paso prelubricado.<\/li>\n<li>C\u00e1nula de traqueostom\u00eda Blue Line Ultra (medida seg\u00fan cat\u00e1logo).<\/li>\n<li>Introductor de la c\u00e1nula de traqueostom\u00eda Blue Line Ultra.<\/li>\n<li>C\u00e1nula interna Blue Line Ultra (x2).<\/li>\n<li>Torundas.<\/li>\n<li>Soporte y cepillo de limpieza del tubo de traqueostom\u00eda.<\/li>\n<li>5 g. de gelatina lubricante est\u00e9ril.<\/li>\n<\/ul>\n<div class=\"product-feature\"><strong>VENTAJAS DEL PRODUCTO:<\/strong><\/div>\n<div class=\"feature-detail\">\n<ul class=\"ord-list\">\n<li>Retardo inmediato y m\u00ednimo. C\u00f3modo tanto para los m\u00e9dicos como para los pacientes.<\/li>\n<li>Rentable, reduzca los costes de quir\u00f3fano.<\/li>\n<li>C\u00f3modo paquete para el procedimiento completo (sin pa\u00f1os), con el fin de evitar retrasos.<\/li>\n<li>El exclusivo introductor Blue Line Ultra\u00ae facilita el paso del c\u00e1nula por el estoma y minimiza los traumatismos.<\/li>\n<li>Dise\u00f1o ergon\u00f3mico del mango en un dilatador.<\/li>\n<li>El c\u00e1nula Blue Line Ultra\u00ae incluye una punta c\u00f3nica, un ribete suave y transparente y un\u00a0bal\u00f3n Profile Soft Seal.<\/li>\n<\/ul>\n<\/div>\n","protected":false},"excerpt":{"rendered":"<p>Kits de t\u00e9cnica de dilatador de una fase Portex\u00ae ULTRAperc\u00ae con\u00a0 c\u00e1nula de traqueotom\u00eda Blue Line Ultra\u00ae.<\/p>\n","protected":false},"featured_media":1187,"template":"","meta":[],"product_cat":[91],"product_tag":[],"blog_post_layout_featured_media_urls":{"thumbnail":["https:\/\/fgl.com.mx\/wp-content\/uploads\/2021\/09\/P-100-561-080-150x150.jpg",150,150,true],"full":["https:\/\/fgl.com.mx\/wp-content\/uploads\/2021\/09\/P-100-561-080.jpg",800,600,false]},"categories":["4"],"categories_names":{"4":{"name":"variable","link":"https:\/\/fgl.com.mx\/?taxonomy=product_type&term=variable"}},"comments_number":"0","_links":{"self":[{"href":"https:\/\/fgl.com.mx\/index.php\/wp-json\/wp\/v2\/product\/1186"}],"collection":[{"href":"https:\/\/fgl.com.mx\/index.php\/wp-json\/wp\/v2\/product"}],"about":[{"href":"https:\/\/fgl.com.mx\/index.php\/wp-json\/wp\/v2\/types\/product"}],"version-history":[{"count":5,"href":"https:\/\/fgl.com.mx\/index.php\/wp-json\/wp\/v2\/product\/1186\/revisions"}],"predecessor-version":[{"id":2613,"href":"https:\/\/fgl.com.mx\/index.php\/wp-json\/wp\/v2\/product\/1186\/revisions\/2613"}],"wp:featuredmedia":[{"embeddable":true,"href":"https:\/\/fgl.com.mx\/index.php\/wp-json\/wp\/v2\/media\/1187"}],"wp:attachment":[{"href":"https:\/\/fgl.com.mx\/index.php\/wp-json\/wp\/v2\/media?parent=1186"}],"wp:term":[{"taxonomy":"product_cat","embeddable":true,"href":"https:\/\/fgl.com.mx\/index.php\/wp-json\/wp\/v2\/product_cat?post=1186"},{"taxonomy":"product_tag","embeddable":true,"href":"https:\/\/fgl.com.mx\/index.php\/wp-json\/wp\/v2\/product_tag?post=1186"}],"curies":[{"name":"wp","href":"https:\/\/api.w.org\/{rel}","templated":true}]}}