{"id":1473,"date":"2021-10-05T12:18:00","date_gmt":"2021-10-05T17:18:00","guid":{"rendered":"https:\/\/fgl.com.mx\/?post_type=product&#038;p=1473"},"modified":"2022-03-18T09:07:38","modified_gmt":"2022-03-18T15:07:38","slug":"soporte-para-mascarilla-universal","status":"publish","type":"product","link":"https:\/\/fgl.com.mx\/index.php\/product\/soporte-para-mascarilla-universal\/","title":{"rendered":"Soporte para mascarilla universal"},"content":{"rendered":"<p>Arn\u00e9s para sujeci\u00f3n de la mascarilla a la cabeza libre de l\u00e1tex para mayor comodidad evitando la irritaci\u00f3n y laceraciones en el rostro del paciente al momento de ingresar a la sala de operaciones y durante la intervenci\u00f3n (quir\u00f3fano). Dise\u00f1o f\u00e1cil de utilizar para la colocaci\u00f3n o desmontaje de mascarillas de anestesia.<\/p>\n","protected":false},"excerpt":{"rendered":"<p>Soporte para mascarilla de anestesia.<\/p>\n","protected":false},"featured_media":1475,"template":"","meta":[],"product_cat":[24],"product_tag":[],"blog_post_layout_featured_media_urls":{"thumbnail":["https:\/\/fgl.com.mx\/wp-content\/uploads\/2021\/10\/KS-8150-150x150.jpg",150,150,true],"full":["https:\/\/fgl.com.mx\/wp-content\/uploads\/2021\/10\/KS-8150.jpg",800,800,false]},"categories":["2"],"categories_names":{"2":{"name":"simple","link":"https:\/\/fgl.com.mx\/?taxonomy=product_type&term=simple"}},"comments_number":"0","_links":{"self":[{"href":"https:\/\/fgl.com.mx\/index.php\/wp-json\/wp\/v2\/product\/1473"}],"collection":[{"href":"https:\/\/fgl.com.mx\/index.php\/wp-json\/wp\/v2\/product"}],"about":[{"href":"https:\/\/fgl.com.mx\/index.php\/wp-json\/wp\/v2\/types\/product"}],"version-history":[{"count":4,"href":"https:\/\/fgl.com.mx\/index.php\/wp-json\/wp\/v2\/product\/1473\/revisions"}],"predecessor-version":[{"id":2524,"href":"https:\/\/fgl.com.mx\/index.php\/wp-json\/wp\/v2\/product\/1473\/revisions\/2524"}],"wp:featuredmedia":[{"embeddable":true,"href":"https:\/\/fgl.com.mx\/index.php\/wp-json\/wp\/v2\/media\/1475"}],"wp:attachment":[{"href":"https:\/\/fgl.com.mx\/index.php\/wp-json\/wp\/v2\/media?parent=1473"}],"wp:term":[{"taxonomy":"product_cat","embeddable":true,"href":"https:\/\/fgl.com.mx\/index.php\/wp-json\/wp\/v2\/product_cat?post=1473"},{"taxonomy":"product_tag","embeddable":true,"href":"https:\/\/fgl.com.mx\/index.php\/wp-json\/wp\/v2\/product_tag?post=1473"}],"curies":[{"name":"wp","href":"https:\/\/api.w.org\/{rel}","templated":true}]}}