{"id":809,"date":"2021-09-22T12:36:56","date_gmt":"2021-09-22T17:36:56","guid":{"rendered":"https:\/\/fgl.com.mx\/?post_type=product&#038;p=809"},"modified":"2022-04-12T16:50:20","modified_gmt":"2022-04-12T21:50:20","slug":"aguja-espinal-punta-de-lapiz","status":"publish","type":"product","link":"https:\/\/fgl.com.mx\/index.php\/product\/aguja-espinal-punta-de-lapiz\/","title":{"rendered":"Aguja espinal punta de l\u00e1piz Pencan\u00ae"},"content":{"rendered":"<ul>\n<li>Con medidas de 22G a 27G.<\/li>\n<li>El dise\u00f1o de la punta permite una m\u00ednima penetraci\u00f3n intratecal evitando un bloqueo incorrecto.<\/li>\n<li>Pabell\u00f3n transparente con prisma que refleja el reflujo del LCR.<\/li>\n<li>Mandril con c\u00f3digo de colores.<\/li>\n<li>Disponibles medidas pedi\u00e1tricas.<\/li>\n<\/ul>\n","protected":false},"excerpt":{"rendered":"<p>Agujas punta de l\u00e1piz para anestesia espinal y punci\u00f3n lumbar diagn\u00f3stica.<\/p>\n","protected":false},"featured_media":2797,"template":"","meta":[],"product_cat":[48],"product_tag":[],"blog_post_layout_featured_media_urls":{"thumbnail":["https:\/\/fgl.com.mx\/wp-content\/uploads\/2021\/09\/BRA-4502035-150x150.jpg",150,150,true],"full":["https:\/\/fgl.com.mx\/wp-content\/uploads\/2021\/09\/BRA-4502035.jpg",800,800,false]},"categories":["4"],"categories_names":{"4":{"name":"variable","link":"https:\/\/fgl.com.mx\/?taxonomy=product_type&term=variable"}},"comments_number":"0","_links":{"self":[{"href":"https:\/\/fgl.com.mx\/index.php\/wp-json\/wp\/v2\/product\/809"}],"collection":[{"href":"https:\/\/fgl.com.mx\/index.php\/wp-json\/wp\/v2\/product"}],"about":[{"href":"https:\/\/fgl.com.mx\/index.php\/wp-json\/wp\/v2\/types\/product"}],"version-history":[{"count":2,"href":"https:\/\/fgl.com.mx\/index.php\/wp-json\/wp\/v2\/product\/809\/revisions"}],"predecessor-version":[{"id":2798,"href":"https:\/\/fgl.com.mx\/index.php\/wp-json\/wp\/v2\/product\/809\/revisions\/2798"}],"wp:featuredmedia":[{"embeddable":true,"href":"https:\/\/fgl.com.mx\/index.php\/wp-json\/wp\/v2\/media\/2797"}],"wp:attachment":[{"href":"https:\/\/fgl.com.mx\/index.php\/wp-json\/wp\/v2\/media?parent=809"}],"wp:term":[{"taxonomy":"product_cat","embeddable":true,"href":"https:\/\/fgl.com.mx\/index.php\/wp-json\/wp\/v2\/product_cat?post=809"},{"taxonomy":"product_tag","embeddable":true,"href":"https:\/\/fgl.com.mx\/index.php\/wp-json\/wp\/v2\/product_tag?post=809"}],"curies":[{"name":"wp","href":"https:\/\/api.w.org\/{rel}","templated":true}]}}