{"id":823,"date":"2021-09-22T13:24:17","date_gmt":"2021-09-22T18:24:17","guid":{"rendered":"https:\/\/fgl.com.mx\/?post_type=product&#038;p=823"},"modified":"2022-03-31T15:49:59","modified_gmt":"2022-03-31T21:49:59","slug":"bomba-elastomerica","status":"publish","type":"product","link":"https:\/\/fgl.com.mx\/index.php\/product\/bomba-elastomerica\/","title":{"rendered":"Bomba elastom\u00e9rica Easypump\u00ae II ST\/LT"},"content":{"rendered":"<div class=\"_product-text _product-text--no-headline _product-text--xbesc\" lang=\"ES\">\n<p>Las bombas elastom\u00e9ricas Easypump\u00ae est\u00e1n dise\u00f1adas para ofrecer al personal m\u00e9dico y enfermer\u00eda la posibilidad de dispensar cantidades\u00a0predeterminadas\u00a0de medicaci\u00f3n a los pacientes de forma\u00a0continuada\u00a0y\u00a0precisa, tanto en el\u00a0hospital\u00a0como en su\u00a0domicilio.<\/p>\n<p>Easypump\u00ae II no depende de ninguna fuente de alimentaci\u00f3n externa ni de bater\u00edas, permitiendo el tratamiento ambulatorio del paciente. La medicaci\u00f3n se libera gracias a la presi\u00f3n positiva generada por la bomba elastom\u00e9rica. El flujo viene dado por la combinaci\u00f3n de la acci\u00f3n del regulador de flujo y la presi\u00f3n positiva ejercida por la membrana elastom\u00e9rica. Esta presi\u00f3n vence la resistencia provocada por el propio cat\u00e9ter y la presi\u00f3n sangu\u00ednea de las venas. Esta resistencia puede afectar al flujo.<\/p>\n<p>Ventajas:<\/p>\n<\/div>\n<ul>\n<li>Facilidad de llenado para el personal sanitario.<\/li>\n<li>Opciones terap\u00e9uticas seguras y flexibles.<\/li>\n<li>Indicado tanto para uso hospitalario como domiciliario.<\/li>\n<li>Terapia discreta y confortable.<\/li>\n<li>Easypump\u00ae II est\u00e1 libre de l\u00e1tex y de DEHP.<\/li>\n<\/ul>\n<div class=\"_product-text _product-text--xindi\" lang=\"ES\">\n<p class=\"_p-h2\">Indicaci\u00f3n:<\/p>\n<p>Easypump\u00ae II est\u00e1 indicado principalmente en quimioterapia, antibioterapia y tratamiento del dolor IV.<\/p>\n<\/div>\n","protected":false},"excerpt":{"rendered":"<p>Bomba de infusi\u00f3n elastom\u00e9rica para tratamientos de corto y largo plazo.<\/p>\n","protected":false},"featured_media":2730,"template":"","meta":[],"product_cat":[104],"product_tag":[],"blog_post_layout_featured_media_urls":{"thumbnail":["https:\/\/fgl.com.mx\/wp-content\/uploads\/2021\/09\/BRA-4540006-150x150.jpg",150,150,true],"full":["https:\/\/fgl.com.mx\/wp-content\/uploads\/2021\/09\/BRA-4540006.jpg",800,800,false]},"categories":["4"],"categories_names":{"4":{"name":"variable","link":"https:\/\/fgl.com.mx\/?taxonomy=product_type&term=variable"}},"comments_number":"0","_links":{"self":[{"href":"https:\/\/fgl.com.mx\/index.php\/wp-json\/wp\/v2\/product\/823"}],"collection":[{"href":"https:\/\/fgl.com.mx\/index.php\/wp-json\/wp\/v2\/product"}],"about":[{"href":"https:\/\/fgl.com.mx\/index.php\/wp-json\/wp\/v2\/types\/product"}],"version-history":[{"count":2,"href":"https:\/\/fgl.com.mx\/index.php\/wp-json\/wp\/v2\/product\/823\/revisions"}],"predecessor-version":[{"id":2731,"href":"https:\/\/fgl.com.mx\/index.php\/wp-json\/wp\/v2\/product\/823\/revisions\/2731"}],"wp:featuredmedia":[{"embeddable":true,"href":"https:\/\/fgl.com.mx\/index.php\/wp-json\/wp\/v2\/media\/2730"}],"wp:attachment":[{"href":"https:\/\/fgl.com.mx\/index.php\/wp-json\/wp\/v2\/media?parent=823"}],"wp:term":[{"taxonomy":"product_cat","embeddable":true,"href":"https:\/\/fgl.com.mx\/index.php\/wp-json\/wp\/v2\/product_cat?post=823"},{"taxonomy":"product_tag","embeddable":true,"href":"https:\/\/fgl.com.mx\/index.php\/wp-json\/wp\/v2\/product_tag?post=823"}],"curies":[{"name":"wp","href":"https:\/\/api.w.org\/{rel}","templated":true}]}}