{"id":842,"date":"2021-09-22T13:48:50","date_gmt":"2021-09-22T18:48:50","guid":{"rendered":"https:\/\/fgl.com.mx\/?post_type=product&#038;p=842"},"modified":"2022-03-31T12:10:43","modified_gmt":"2022-03-31T18:10:43","slug":"lapiz-percutaneo-para-equipo-neuroestimulador","status":"publish","type":"product","link":"https:\/\/fgl.com.mx\/index.php\/product\/lapiz-percutaneo-para-equipo-neuroestimulador\/","title":{"rendered":"L\u00e1piz percut\u00e1neo Stimuplex\u00ae"},"content":{"rendered":"<p>El l\u00e1piz Stimuplex\u00ae es ideal para la localizaci\u00f3n de nervios perif\u00e9ricos superficiales de forma percut\u00e1nea.<\/p>\n<p>Excelente accesorio para actividades formativas y docentes.<\/p>\n<p class=\"product_title entry-title\"><strong><a href=\"https:\/\/fgl.com.mx\/index.php\/product\/neuroestimulador-de-nervios-perifericos\/\">Neuroestimulador HNS12.<\/a><\/strong><\/p>\n<h2><\/h2>\n","protected":false},"excerpt":{"rendered":"<p>L\u00e1piz para mapeo de nervios superficiales para equipo STIMUPLEX\u00ae HNS12.<\/p>\n","protected":false},"featured_media":2717,"template":"","meta":[],"product_cat":[48],"product_tag":[],"blog_post_layout_featured_media_urls":{"thumbnail":["https:\/\/fgl.com.mx\/wp-content\/uploads\/2021\/09\/BRA-4892099-1-150x150.jpg",150,150,true],"full":["https:\/\/fgl.com.mx\/wp-content\/uploads\/2021\/09\/BRA-4892099-1.jpg",800,800,false]},"categories":["2"],"categories_names":{"2":{"name":"simple","link":"https:\/\/fgl.com.mx\/?taxonomy=product_type&term=simple"}},"comments_number":"0","_links":{"self":[{"href":"https:\/\/fgl.com.mx\/index.php\/wp-json\/wp\/v2\/product\/842"}],"collection":[{"href":"https:\/\/fgl.com.mx\/index.php\/wp-json\/wp\/v2\/product"}],"about":[{"href":"https:\/\/fgl.com.mx\/index.php\/wp-json\/wp\/v2\/types\/product"}],"version-history":[{"count":6,"href":"https:\/\/fgl.com.mx\/index.php\/wp-json\/wp\/v2\/product\/842\/revisions"}],"predecessor-version":[{"id":2724,"href":"https:\/\/fgl.com.mx\/index.php\/wp-json\/wp\/v2\/product\/842\/revisions\/2724"}],"wp:featuredmedia":[{"embeddable":true,"href":"https:\/\/fgl.com.mx\/index.php\/wp-json\/wp\/v2\/media\/2717"}],"wp:attachment":[{"href":"https:\/\/fgl.com.mx\/index.php\/wp-json\/wp\/v2\/media?parent=842"}],"wp:term":[{"taxonomy":"product_cat","embeddable":true,"href":"https:\/\/fgl.com.mx\/index.php\/wp-json\/wp\/v2\/product_cat?post=842"},{"taxonomy":"product_tag","embeddable":true,"href":"https:\/\/fgl.com.mx\/index.php\/wp-json\/wp\/v2\/product_tag?post=842"}],"curies":[{"name":"wp","href":"https:\/\/api.w.org\/{rel}","templated":true}]}}